{"id":13438,"date":"2023-11-03T11:53:23","date_gmt":"2023-11-03T11:53:23","guid":{"rendered":"https:\/\/www.sitema.de\/?post_type=produkt&#038;p=13438"},"modified":"2024-08-16T12:18:51","modified_gmt":"2024-08-16T12:18:51","slug":"a-barra-sai-do-cabecote-de-fixacao","status":"publish","type":"produkt","link":"https:\/\/www.sitema.de\/pt-br\/produto\/a-barra-sai-do-cabecote-de-fixacao\/","title":{"rendered":"A barra sai do cabe\u00e7ote de fixa\u00e7\u00e3o"},"content":{"rendered":"\n<section class=\"wp-block-group alignfull header-generic has-global-padding is-layout-constrained wp-block-group-is-layout-constrained\" id=\"header-generic\">\n<div class=\"wp-block-cover alignfull\" style=\"min-height:350px;aspect-ratio:unset;\"><span aria-hidden=\"true\" class=\"wp-block-cover__background has-background-dim-30 has-background-dim wp-block-cover__gradient-background has-background-gradient\" style=\"background:linear-gradient(90deg,rgb(128,128,128) 0%,rgba(0,0,0,0) 100%)\"><\/span><img decoding=\"async\" class=\"wp-block-cover__image-background wp-image-801\" alt=\"\" src=\"https:\/\/www.sitema.de\/wp-content\/themes\/sitema\/assets\/images\/custom-header.jpg\" style=\"object-position:50% 50%\" data-object-fit=\"cover\" data-object-position=\"50% 50%\"\/><div class=\"wp-block-cover__inner-container has-global-padding is-layout-constrained wp-block-cover-is-layout-constrained\">\n<h1 class=\"wp-block-heading has-text-align-left has-blue-20-color has-text-color has-title-h-1-font-size\">Solu\u00e7\u00f5es especiais<\/h1>\n\n\n\n<h2 class=\"wp-block-heading has-text-align-left has-blue-20-color has-text-color has-headline-h-2-font-size\">A barra sai do cabe\u00e7ote de fixa\u00e7\u00e3o<\/h2>\n<\/div><\/div>\n<\/section>\n\n\n\n<div id=\"flanges\" class=\"wp-block-group flanges is-overlap is-style-overlap has-global-padding is-layout-constrained wp-block-group-is-layout-constrained\" style=\"margin-top:var(--wp--preset--spacing--3-rem);margin-bottom:var(--wp--preset--spacing--3-rem)\">\n<div class=\"wp-block-group has-white-background-color has-background has-global-padding is-layout-constrained wp-container-core-group-is-layout-d3736238 wp-block-group-is-layout-constrained\" style=\"padding-top:var(--wp--preset--spacing--1-rem);padding-right:var(--wp--preset--spacing--2-rem);padding-bottom:var(--wp--preset--spacing--4-rem);padding-left:var(--wp--preset--spacing--2-rem)\">\n<div class=\"wp-block-group is-content-justification-space-between is-layout-flex wp-container-core-group-is-layout-6f2519b2 wp-block-group-is-layout-flex\" style=\"margin-bottom:0;padding-top:var(--wp--preset--spacing--0-5-rem);padding-bottom:var(--wp--preset--spacing--0-5-rem)\">\n<h5 class=\"wp-block-heading has-headline-h-5-font-size\" style=\"margin-top:var(--wp--preset--spacing--0-5-rem);margin-bottom:var(--wp--preset--spacing--0-5-rem)\">A barra sai do cabe\u00e7ote de fixa\u00e7\u00e3o<\/h5>\n\n\n\n<figure class=\"wp-block-image size-full is-style-default\"><img decoding=\"async\" src=\"https:\/\/www.sitema.de\/wp-content\/themes\/sitema\/assets\/images\/logo-siforce.png\" alt=\"\" class=\"wp-image-5457\"\/><\/figure>\n<\/div>\n\n\n\n<div class=\"wp-block-columns column-stack is-layout-flex wp-container-core-columns-is-layout-28f84493 wp-block-columns-is-layout-flex\">\n<div class=\"wp-block-column is-layout-flow wp-block-column-is-layout-flow\" style=\"flex-basis:35%\">\n<figure class=\"wp-block-image aligncenter size-full is-resized\"><img decoding=\"async\" width=\"272\" height=\"262\" src=\"https:\/\/www.sitema.de\/wp-content\/uploads\/produkte\/sonderloesungen-stange-verlaesst-klemmkopf.png\" alt=\"Stange verl\u00e4sst Klemmkopf\" class=\"wp-image-7334\" style=\"width:424px;height:auto\"\/><\/figure>\n<\/div>\n\n\n\n<div class=\"wp-block-column is-vertically-aligned-top is-layout-flow wp-block-column-is-layout-flow\" style=\"padding-top:var(--wp--preset--spacing--2-rem);padding-right:var(--wp--preset--spacing--2-rem);padding-bottom:var(--wp--preset--spacing--2-rem);padding-left:var(--wp--preset--spacing--2-rem);flex-basis:60%\">\n<div class=\"wp-block-group has-global-padding is-layout-constrained wp-container-core-group-is-layout-19e250f3 wp-block-group-is-layout-constrained\">\n<h5 class=\"wp-block-heading has-headline-h-5-font-size\" style=\"margin-top:0;margin-bottom:var(--wp--preset--spacing--2-rem)\">Mais espa\u00e7o para trabalhar &#8211; Sem barras!<\/h5>\n\n\n\n<p>Em aplica\u00e7\u00f5es especiais, pode ser necess\u00e1rio que a barra saia do cabe\u00e7ote de fixa\u00e7\u00e3o por v\u00e1rios motivos, por ex., devido \u00e0 acessibilidade ou espa\u00e7o limitado que n\u00e3o permite uma barra cont\u00ednua.<\/p>\n\n\n\n<p style=\"margin-top:var(--wp--preset--spacing--2-rem)\">Especialmente em aplica\u00e7\u00f5es nas quais nossos moldes\u00a0<a href=\"https:\/\/www.sitema.de\/pt-br\/produkt\/powerstroke\/\" data-type=\"link\" data-id=\"https:\/\/www.sitema.de\/pt-br\/produkt\/powerstroke\/\">PowerStroke<\/a>\u00a0s\u00e3o fechados e mantidos fechados contra for\u00e7as intensas, \u00e9 uma grande vantagem se a barra sair do cabe\u00e7ote de fixa\u00e7\u00e3o. Isso significa que as barras n\u00e3o est\u00e3o no curso quando as pe\u00e7as s\u00e3o removidas do molde ou durante o manuseio.<\/p>\n\n\n\n<p style=\"margin-top:var(--wp--preset--spacing--2-rem)\">Com algumas modifica\u00e7\u00f5es, a maioria das nossas s\u00e9ries pode ser adaptada como estruturas especiais para que a barra possa sair do cabe\u00e7ote de fixa\u00e7\u00e3o. J\u00e1 implementamos uma s\u00e9rie de solu\u00e7\u00f5es para aplica\u00e7\u00f5es verticais e horizontais. Entre em contato conosco!<\/p>\n<\/div>\n\n\n\n<div class=\"wp-block-group is-vertical is-layout-flex wp-container-core-group-is-layout-fe9cc265 wp-block-group-is-layout-flex\">\n<div class=\"wp-block-buttons is-layout-flex wp-block-buttons-is-layout-flex\">\n<div class=\"wp-block-button is-style-default\"><a class=\"wp-block-button__link wp-element-button\" href=\"https:\/\/www.sitema.de\/kontakt\/https:\/\/www.sitema.de\/pt-br\/contato\/\">Contato<\/a><\/div>\n<\/div>\n<\/div>\n<\/div>\n<\/div>\n<\/div>\n<\/div>\n","protected":false},"featured_media":0,"template":"","ansteuerung":[],"anmeldung":[],"funktion":[],"produktkategorie":[],"tragmittel":[],"class_list":["post-13438","produkt","type-produkt","status-publish","hentry"],"acf":[],"_links":{"self":[{"href":"https:\/\/www.sitema.de\/pt-br\/wp-json\/wp\/v2\/produkt\/13438","targetHints":{"allow":["GET"]}}],"collection":[{"href":"https:\/\/www.sitema.de\/pt-br\/wp-json\/wp\/v2\/produkt"}],"about":[{"href":"https:\/\/www.sitema.de\/pt-br\/wp-json\/wp\/v2\/types\/produkt"}],"wp:attachment":[{"href":"https:\/\/www.sitema.de\/pt-br\/wp-json\/wp\/v2\/media?parent=13438"}],"wp:term":[{"taxonomy":"ansteuerung","embeddable":true,"href":"https:\/\/www.sitema.de\/pt-br\/wp-json\/wp\/v2\/ansteuerung?post=13438"},{"taxonomy":"anmeldung","embeddable":true,"href":"https:\/\/www.sitema.de\/pt-br\/wp-json\/wp\/v2\/anmeldung?post=13438"},{"taxonomy":"funktion","embeddable":true,"href":"https:\/\/www.sitema.de\/pt-br\/wp-json\/wp\/v2\/funktion?post=13438"},{"taxonomy":"produktkategorie","embeddable":true,"href":"https:\/\/www.sitema.de\/pt-br\/wp-json\/wp\/v2\/produktkategorie?post=13438"},{"taxonomy":"tragmittel","embeddable":true,"href":"https:\/\/www.sitema.de\/pt-br\/wp-json\/wp\/v2\/tragmittel?post=13438"}],"curies":[{"name":"wp","href":"https:\/\/api.w.org\/{rel}","templated":true}]}}

A barra sai do cabeçote de fixação

<section class="wp-block-group alignfull header-generic has-global-padding is-layout-constrained wp-block-group-is-layout-constrained" id="header-generic">
<div class="wp-block-cover alignfull" style="min-height:350px;aspect-ratio:unset;"><span aria-hidden="true" class="wp-block-cover__background has-background-dim-30 has-background-dim wp-block-cover__gradient-background has-background-gradient" style="background:linear-gradient(90deg,rgb(128,128,128) 0%,rgba(0,0,0,0) 100%)"></span><img decoding="async" class="wp-block-cover__image-background wp-image-801" alt="" src="https://www.sitema.de/wp-content/themes/sitema/assets/images/custom-header.jpg" style="object-position:50% 50%" data-object-fit="cover" data-object-position="50% 50%"/><div class="wp-block-cover__inner-container has-global-padding is-layout-constrained wp-block-cover-is-layout-constrained">
<h1 class="wp-block-heading has-text-align-left has-blue-20-color has-text-color has-title-h-1-font-size">Soluções especiais</h1>



<h2 class="wp-block-heading has-text-align-left has-blue-20-color has-text-color has-headline-h-2-font-size">A barra sai do cabeçote de fixação</h2>
</div></div>
</section>



<div id="flanges" class="wp-block-group flanges is-overlap is-style-overlap has-global-padding is-layout-constrained wp-block-group-is-layout-constrained" style="margin-top:var(--wp--preset--spacing--3-rem);margin-bottom:var(--wp--preset--spacing--3-rem)">
<div class="wp-block-group has-white-background-color has-background has-global-padding is-layout-constrained wp-container-core-group-is-layout-d3736238 wp-block-group-is-layout-constrained" style="padding-top:var(--wp--preset--spacing--1-rem);padding-right:var(--wp--preset--spacing--2-rem);padding-bottom:var(--wp--preset--spacing--4-rem);padding-left:var(--wp--preset--spacing--2-rem)">
<div class="wp-block-group is-content-justification-space-between is-layout-flex wp-container-core-group-is-layout-6f2519b2 wp-block-group-is-layout-flex" style="margin-bottom:0;padding-top:var(--wp--preset--spacing--0-5-rem);padding-bottom:var(--wp--preset--spacing--0-5-rem)">
<h5 class="wp-block-heading has-headline-h-5-font-size" style="margin-top:var(--wp--preset--spacing--0-5-rem);margin-bottom:var(--wp--preset--spacing--0-5-rem)">A barra sai do cabeçote de fixação</h5>



<figure class="wp-block-image size-full is-style-default"><img decoding="async" src="https://www.sitema.de/wp-content/themes/sitema/assets/images/logo-siforce.png" alt="" class="wp-image-5457"/></figure>
</div>



<div class="wp-block-columns column-stack is-layout-flex wp-container-core-columns-is-layout-28f84493 wp-block-columns-is-layout-flex">
<div class="wp-block-column is-layout-flow wp-block-column-is-layout-flow" style="flex-basis:35%">
<figure class="wp-block-image aligncenter size-full is-resized"><img decoding="async" width="272" height="262" src="https://www.sitema.de/wp-content/uploads/produkte/sonderloesungen-stange-verlaesst-klemmkopf.png" alt="Stange verlässt Klemmkopf" class="wp-image-7334" style="width:424px;height:auto"/></figure>
</div>



<div class="wp-block-column is-vertically-aligned-top is-layout-flow wp-block-column-is-layout-flow" style="padding-top:var(--wp--preset--spacing--2-rem);padding-right:var(--wp--preset--spacing--2-rem);padding-bottom:var(--wp--preset--spacing--2-rem);padding-left:var(--wp--preset--spacing--2-rem);flex-basis:60%">
<div class="wp-block-group has-global-padding is-layout-constrained wp-container-core-group-is-layout-19e250f3 wp-block-group-is-layout-constrained">
<h5 class="wp-block-heading has-headline-h-5-font-size" style="margin-top:0;margin-bottom:var(--wp--preset--spacing--2-rem)">Mais espaço para trabalhar &#8211; Sem barras!</h5>



<p>Em aplicações especiais, pode ser necessário que a barra saia do cabeçote de fixação por vários motivos, por ex., devido à acessibilidade ou espaço limitado que não permite uma barra contínua.</p>



<p style="margin-top:var(--wp--preset--spacing--2-rem)">Especialmente em aplicações nas quais nossos moldes <a href="https://www.sitema.de/pt-br/produkt/powerstroke/" data-type="link" data-id="https://www.sitema.de/pt-br/produkt/powerstroke/">PowerStroke</a> são fechados e mantidos fechados contra forças intensas, é uma grande vantagem se a barra sair do cabeçote de fixação. Isso significa que as barras não estão no curso quando as peças são removidas do molde ou durante o manuseio.</p>



<p style="margin-top:var(--wp--preset--spacing--2-rem)">Com algumas modificações, a maioria das nossas séries pode ser adaptada como estruturas especiais para que a barra possa sair do cabeçote de fixação. Já implementamos uma série de soluções para aplicações verticais e horizontais. Entre em contato conosco!</p>
</div>



<div class="wp-block-group is-vertical is-layout-flex wp-container-core-group-is-layout-fe9cc265 wp-block-group-is-layout-flex">
<div class="wp-block-buttons is-layout-flex wp-block-buttons-is-layout-flex">
<div class="wp-block-button is-style-default"><a class="wp-block-button__link wp-element-button" href="https://www.sitema.de/kontakt/https://www.sitema.de/pt-br/contato/">Contato</a></div>
</div>
</div>
</div>
</div>
</div>
</div>
